nd h.
12
Let p = 428 + -362. What is the highest common divisor of 78 and p?
6
Suppose -8*s + 5*s + 301 = 5*z, 4*z - s = 268. Let p(j) = 13*j**2. Let f be p(1). What is the greatest common divisor of z and f?
13
Let h be (4 - 602/(-28))*4. Let b(s) = -s**3 + s**2 - s + 68. Let w be b(0). What is the greatest common factor of h and w?
34
Let p(s) = s**3 + 31*s**2 - 36*s - 119. Let z be p(-32). Calculate the highest common divisor of z and 1.
1
Suppose 34*r - 975 - 45 = 0. Calculate the greatest common factor of 78 and r.
6
Suppose 3*k - 4*p = -p + 21, 9 = -3*p. Let m be (-1)/(-3)*111 - k. Calculate the highest common factor of m and 3.
3
Let d(j) = j**2 - 31*j - 138. Let z be d(37). Let y be 220/18 + (-20)/90. What is the highest common factor of z and y?
12
Suppose -4*d = z + z - 36, 3*d + 4*z = 32. Suppose r = 1 + d. Suppose 8*i - 3*i = o + 313, 3*i = o + 187. What is the greatest common divisor of i and r?
9
Let k(l) = -l**3 - 6*l**2 - 8*l + 1. Let d be k(-3). Let u be (18/d + 0)*(-1 + 0). What is the highest common factor of u and 18?
9
Suppose 3834 = -6*h + 4380. Calculate the greatest common divisor of h and 3185.
91
Let d = 42 + -47. Let b be (d - -6)*30 + (-2 - 0). Calculate the highest common factor of b and 4.
4
Suppose 0*z = 3*z - 9. Suppose 5*u = -3*w + 95, -149 = -z*w - 4*u - 55. Calculate the greatest common factor of 120 and w.
30
Suppose 0 = 4*p + 3*z + 50, 2*z = 4*p + z + 58. Let m be (-256)/p - (-2)/(-7). What is the greatest common divisor of m and 45?
9
Suppose -4*b = b - 10. Let k(w) = -29*w + 2*w**2 + b + 0 + 22*w - 1. Let x be k(5). What is the greatest common factor of x and 176?
16
Let d(g) = g**2 + 3*g + 4. Let r be d(-5). Suppose -3*x + 14 = 2*b + 31, 5*b + 55 = -5*x. Let s = b - -30. What is the highest common divisor of s and r?
14
Let c(v) = v**3 - v**2 - v + 5. Let g be c(0). Suppose -5*h = -g*m + 260, 4*h + 15 = m - 22. Let l = -13 + m. What is the highest common divisor of 4 and l?
4
Suppose 2*g - 48 = 4*u, -5*g + 2*u = -g - 78. What is the highest common factor of g and 36?
18
Let y(k) be the first derivative of -k**4/2 - 7*k**3/3 - 4*k**2 - 8*k - 2. Let s be y(-4). What is the greatest common factor of s and 5?
5
Let x(n) = -4*n**3 - n**2 + 4*n - 3. Let k = -8 + 5. Let y be x(k). What is the greatest common factor of y and 12?
12
Suppose -4*d = -2*d - 70. Let j = 251 - 254. Let x = d + j. What is the greatest common divisor of 80 and x?
16
Let k = -12 + 48. Suppose 4*y + 2 = c, -9 = -5*c - 4*y + 1. Suppose -k = -c*v - v. Calculate the highest common divisor of 36 and v.
12
Suppose 19*n = -4*n + 1656. Calculate the greatest common divisor of n and 27.
9
Suppose 3*j - 5*n = 68, -2*n + 8 - 32 = -j. What is the greatest common factor of j and 1072?
16
Let l = -40 + 67. Suppose -432 = -1220*u + 1208*u. Calculate the highest common factor of u and l.
9
Let d be (1 + -2 + -13 + 5)*-3. Let j = -298 - -649. Calculate the highest common factor of j and d.
27
Suppose -18*r - 32 = -22*r. What is the highest common factor of r and 88?
8
Suppose 2*g + 5*x - 50 = 0, -x - 8 = -3*x. Let h be (2 + 13)/((-4)/(-8)). What is the highest common divisor of g and h?
15
Let t = -21 + 34. Suppose 19 = 4*w - 33. Calculate the highest common factor of w and t.
13
Let o = 16 - -16. Suppose 4*y = -16, 3*y = 4*s - 0*y - 44. What is the greatest common divisor of o and s?
8
Let f = 3 - -3. Suppose f*l - 54 = 36. What is the highest common factor of l and 345?
15
Suppose 38*i - 123*i + 2295 = 0. Suppose -2*m + 229 = 3*m - 4*z, 5*m = -2*z + 223. Calculate the greatest common divisor of m and i.
9
Let t be ((-267 - 1)/(-1))/2. Calculate the greatest common factor of 335 and t.
67
Let b(a) = 2*a**3 - 7*a**2 + 11*a - 61. Let w be b(6). What is the greatest common factor of w and 15?
5
Suppose 0 = 5*i - 3*q - 0*q - 70, 3*i + 4*q - 42 = 0. Calculate the highest common divisor of i and 112.
14
Suppose 11*h + 757 = 53. Let r = h - -81. Suppose 0 = -w - 0*w + 17. Calculate the greatest common factor of r and w.
17
Suppose 5*z - 80 = -5*j, -6*j = -j + 3*z - 82. Let r(v) = v**3 - 17*v**2 + 22. Let g be r(j). What is the highest common divisor of 242 and g?
22
Suppose -426 + 58 = -2*y + 4*g, -3*g = 2*y - 375. Suppose -3*p + y + 87 = 0. Calculate the highest common factor of p and 13.
13
Suppose -3*m + 6 = q, 2*m + 39 = 2*q - m. What is the greatest common divisor of q and 15?
15
Suppose -3 + 6 = -3*q. Let z = 3 - q. Suppose 0 = z*m - 4*c - 80, -m + 9 = c - 7. What is the highest common factor of m and 18?
18
Suppose -82 = -2*t + 14. Suppose x - t = -x. Let s = 39 - x. What is the highest common factor of s and 10?
5
Let x = 1300 - 1053. Calculate the highest common factor of x and 13.
13
Suppose -7*h = 9*h - 320. Let b = -49 - -249. Let f be b/4 + -1 + 1. What is the greatest common factor of h and f?
10
Suppose 4 + 9 = l. Let x be (-10)/(-45) + (-16)/(-9). Let u be 948/36 - x/6. Calculate the greatest common factor of l and u.
13
Let k be 8/(-36) + (227/9 - -3). Suppose -2*i + 24 = -32. What is the highest common divisor of i and k?
28
Let w = -102 + 118. Suppose -w = -16*c - 0. What is the greatest common divisor of c and 30?
1
Let r be 2 - 2 - (0 + (1 - -2)). Let j be (110/(-25) - (-4)/10)*r. Calculate the greatest common factor of 108 and j.
12
Let o = 152 - 119. Calculate the highest common divisor of o and 11.
11
Let c be (153/27)/(3 - (-161)/(-54)). Calculate the highest common divisor of 408 and c.
102
Let y = -280 - -286. Calculate the greatest common factor of y and 22.
2
Suppose 3614*v = 3626*v - 2916. Calculate the highest common divisor of v and 54.
27
Let a = -422 + 463. What is the greatest common divisor of a and 328?
41
Let t be (231 + -8 + 5)*(-2)/(-3). Let h(j) = 2*j - 1. Let y be h(10). What is the highest common divisor of y and t?
19
Suppose -14 = 6*q - 26. Calculate the greatest common divisor of 16 and q.
2
Suppose 5*h = -s + 268, 3*h - 135 = s + 29. What is the highest common factor of h and 45?
9
Suppose 0 = 5*u - 9*u + 4*n + 168, 0 = 3*n - 3. Calculate the greatest common divisor of 43 and u.
43
Let q(l) = -l**3 - 15*l**2 + 12*l - 10. Let j = 7 - 23. Let n be q(j). Calculate the highest common divisor of 18 and n.
18
Let j be -12*(3 - 2)*72/(-32). Let g = 823 + -580. Calculate the greatest common factor of j and g.
27
Let h(n) = 4*n**3 + 2*n**2 - 6*n - 9. Let x be h(4). What is the highest common divisor of x and 204?
51
Suppose -3*t = -2*j + 273 + 2, -5*t + 650 = 5*j. Calculate the highest common divisor of 105 and j.
7
Let v be (-1)/((1 - -1) + 6786/(-3380)). Calculate the greatest common factor of 26 and v.
26
Let z = 510 - 132. What is the highest common factor of z and 54?
54
Suppose 5*o - 2*o = -3*b + 15, -b + o + 13 = 0. Suppose 5 = 2*c - c - k, 3*k + 9 = 0. Let f be -1*(c - 1) - -37. What is the highest common factor of f and b?
9
Let m = -749 + 859. Calculate the highest common divisor of m and 385.
55
Suppose 4*k + 6*s - 150 = 0, 3*k = 4*s + 90 + 31. Calculate the highest common factor of k and 455.
13
Let m be 1 + -2 - (-3 - 3). What is the highest common divisor of 15 and m?
5
Let o be (16/(-28))/((-12)/42). Suppose o*g - 126 = g. What is the highest common factor of g and 14?
14
Let b = 18 + -12. Let m be (9/(-1))/(30/(-20)). Let n be 1/m + (-69)/(-18). Calculate the highest common factor of n and b.
2
Let h be 4/2 - -2 - 466. Let b be h/4*(-156)/91. Suppose -a + 4*a = b. What is the greatest common factor of a and 44?
22
Suppose -5*u - 5 = 5*f, -4*u + 33 = -3*f + 9. Calculate the highest common factor of u and 27.
3
Let i be (-13533)/(-24) + (-4)/(-32). What is the greatest common divisor of i and 12?
12
Let m(r) = -r**2 + 3*r. Let u be m(3). Suppose 0 = p + k - 148, u = 3*p - p - 2*k - 312. What is the highest common divisor of 19 and p?
19
Let x(r) = -2*r - 1. Let m be x(1). Let h be (m + 2)*16*-1. Suppose 806*z - 832 = 780*z. Calculate the highest common factor of z and h.
16
Suppose 0 = 4*v - 20, v = -3*z + 19 + 10. Let j(b) = -b**2 + 5*b + 14. Let k be j(z). Let w = 1 - k. What is the highest common factor of 55 and w?
11
Suppose 3*p - 56 = 385. Calculate the highest common divisor of p and 3.
3
Suppose 5*m - 5 = 0, 0 = 2*n - 2*m - 30 - 0. Suppose v + n = 5*v. What is the highest common factor of v and 2